y 4310.
4262
Calculate the remainder when 209506 is divided by 2998.
2644
Calculate the remainder when 5113075 is divided by 5228.
91
What is the remainder when 20002934 is divided by 2500359?
62
Calculate the remainder when 47263291 is divided by 15786.
7
What is the remainder when 9496988 is divided by 1299?
1298
Calculate the remainder when 1785970 is divided by 71431.
195
Calculate the remainder when 36764451 is divided by 82.
79
What is the remainder when 1122492 is divided by 1051?
24
What is the remainder when 31992 is divided by 726?
48
What is the remainder when 21929072 is divided by 149?
146
Calculate the remainder when 53645 is divided by 52736.
909
Calculate the remainder when 119301256 is divided by 482.
472
Calculate the remainder when 234850 is divided by 1581.
862
What is the remainder when 236104152 is divided by 11?
9
What is the remainder when 28805 is divided by 5134?
3135
Calculate the remainder when 8802722 is divided by 267.
266
Calculate the remainder when 15398 is divided by 8071.
7327
Calculate the remainder when 2331229 is divided by 841.
818
What is the remainder when 2848485 is divided by 2110?
2095
What is the remainder when 8916382 is divided by 277?
29
Calculate the remainder when 59264 is divided by 10.
4
What is the remainder when 3269886 is divided by 81747?
6
What is the remainder when 243569 is divided by 383?
364
Calculate the remainder when 2213560 is divided by 183.
175
Calculate the remainder when 79512 is divided by 3573.
906
Calculate the remainder when 21728088 is divided by 7.
4
What is the remainder when 733730 is divided by 15285?
50
Calculate the remainder when 3402075 is divided by 1133645.
1140
What is the remainder when 461003320 is divided by 146?
144
Calculate the remainder when 82756266 is divided by 37.
31
What is the remainder when 29397839 is divided by 8?
7
Calculate the remainder when 4947027 is divided by 1579.
20
Calculate the remainder when 226947266 is divided by 1233409.
10
What is the remainder when 159947 is divided by 7110?
3527
What is the remainder when 4430799 is divided by 2215376?
47
What is the remainder when 2044661239 is divided by 4553?
4552
Calculate the remainder when 255943 is divided by 63982.
15
Calculate the remainder when 231907 is divided by 2696.
51
What is the remainder when 722419495 is divided by 5176?
5175
Calculate the remainder when 3621036 is divided by 651.
174
What is the remainder when 7960712 is divided by 7960710?
2
What is the remainder when 270894 is divided by 38?
30
Calculate the remainder when 1624162 is divided by 406.
162
What is the remainder when 54651 is divided by 27102?
447
What is the remainder when 17213087 is divided by 67?
50
Calculate the remainder when 934696 is divided by 1270.
1246
Calculate the remainder when 42564465 is divided by 14188151.
12
Calculate the remainder when 139010348 is divided by 1237.
1236
What is the remainder when 3580872 is divided by 355?
342
What is the remainder when 1539995 is divided by 880?
875
What is the remainder when 4903478 is divided by 68?
66
Calculate the remainder when 2330491 is divided by 194203.
55
Calculate the remainder when 3911127 is divided by 56683.
0
What is the remainder when 260090 is divided by 6420?
3290
What is the remainder when 32023884 is divided by 1508?
1504
Calculate the remainder when 43940569 is divided by 6884.
6881
Calculate the remainder when 195410 is divided by 5413.
542
Calculate the remainder when 1702582 is divided by 117.
115
Calculate the remainder when 510352 is divided by 255163.
26
Calculate the remainder when 62904 is divided by 13069.
10628
Calculate the remainder when 39585145 is divided by 942503.
19
What is the remainder when 148540 is divided by 928?
60
What is the remainder when 127737419 is divided by 530?
529
What is the remainder when 46780 is divided by 1231?
2
What is the remainder when 49864 is divided by 49812?
52
Calculate the remainder when 8907173 is divided by 94757.
15
Calculate the remainder when 6586013 is divided by 65208.
5
What is the remainder when 65146 is divided by 851?
470
Calculate the remainder when 871463 is divided by 906.
797
Calculate the remainder when 134590420 is divided by 2471.
2463
What is the remainder when 539739 is divided by 12544?
347
What is the remainder when 447522 is divided by 27?
24
Calculate the remainder when 630046 is divided by 11464.
10990
What is the remainder when 3986613 is divided by 4850?
4763
Calculate the remainder when 3799021 is divided by 46.
19
Calculate the remainder when 10749140 is divided by 108577.
17
What is the remainder when 122746287 is divided by 10?
7
What is the remainder when 43346 is divided by 6361?
5180
Calculate the remainder when 1429059 is divided by 86.
83
Calculate the remainder when 688207 is divided by 171998.
215
What is the remainder when 40336 is divided by 102?
46
Calculate the remainder when 13276847 is divided by 361.
350
What is the remainder when 795233518 is divided by 90?
88
What is the remainder when 45990 is divided by 3537?
9
Calculate the remainder when 329325 is divided by 1647.
1572
What is the remainder when 9912782 is divided by 112?
110
What is the remainder when 7912 is divided by 2322?
946
Calculate the remainder when 688092 is divided by 1041.
1032
Calculate the remainder when 1046610 is divided by 650.
110
Calculate the remainder when 14128413 is divided by 1300.
13
What is the remainder when 64633857 is divided by 30?
27
Calculate the remainder when 857859 is divided by 2234.
3
What is the remainder when 11228049 is divided by 4374?
4365
What is the remainder when 707996957 is divided by 748?
745
Calculate the remainder when 1205946 is divided by 401387.
1785
What is the remainder when 53242260 is divided by 9?
6
What is the remainder when 20257360 is divided by 1011?
964
Calculate the remainder when 395598 is divided by 524.
502
What is the remainder when 25771 is divided by 451?
64
Calculate the remainder when 158821501 is divided by 24.
13
What is the remainder when 10136088 is divided by 24?
0
Calculate the remainder when 1570349 is divided by 75.
74
What is the remainder when 15170244 is divided by 1467?
1464
Calculate the remainder when 45976814 is divided by 79.
78
What is the remainder when 9770 is divided by 9488?
282
What is the remainder when 38940 is divided by 17047?
4846
Calculate the remainder when 12416 is divided by 5805.
806
Calculate the remainder when 1505514 is divided by 1476.
1470
What is the remainder when 40822 is divided by 3216?
2230
Calculate the remainder when 3400857 is divided by 2642.
603
What is the remainder when 63866 is divided by 1791?
1181
Calculate the remainder when 298920 is divided by 2397.
1692
Calculate the remainder when 309591075 is divided by 217.
213
Calculate the remainder when 21855258 is divided by 7285086.
0
What is the remainder when 84867 is divided by 2926?
13
What is the remainder when 1801985 is divided by 360393?
20
What is the remainder when 39258 is divided by 139?
60
Calculate the remainder when 2747894 is divided by 526.
70
What is the remainder when 1540145 is divided by 154008?
65
What is the remainder when 33992 is divided by 15315?
3362
Calculate the remainder when 23731953 is divided by 505.
488
What is the remainder when 473259 is divided by 1279?
29
Calculate the remainder when 53966 is divided by 51195.
2771
Calculate the remainder when 332458 is divided by 328427.
4031
Calculate the remainder when 583742 is divided by 960.
62
Calculate the remainder when 6934502 is divided by 13.
3
What is the remainder when 6007002 is divided by 1324?
14
What is the remainder when 39656643 is divided by 23?
20
Calculate the remainder when 32097946 is divided by 114.
106
Calculate the remainder when 21467010 is divided by 511119.
12
Calculate the remainder when 1405988 is divided by 56.
52
Calculate the remainder when 762988 is divided by 381417.
154
Calculate the remainder when 335030 is divided by 151.
112
Calculate the remainder when 759418 is divided by 17056.
8954
What is the remainder when 733368 is divided by 146671?
13
What is the remainder when 62956164 is divided by 189627?
0
Calculate the remainder when 40086249 is divided by 250.
249
Calculate the remainder when 131587 is d